{"id":1483,"date":"2026-02-20T09:00:03","date_gmt":"2026-02-20T12:00:03","guid":{"rendered":"https:\/\/hospitalsanroque.gob.ar\/?page_id=1483"},"modified":"2026-03-10T10:45:08","modified_gmt":"2026-03-10T13:45:08","slug":"circulares-internas","status":"publish","type":"page","link":"https:\/\/hospitalsanroque.gob.ar\/index.php\/repositorio-de-disposiciones-y-circulares-internas\/circulares-internas\/","title":{"rendered":"Circulares Internas HMISR"},"content":{"rendered":"\t\t<div data-elementor-type=\"wp-page\" data-elementor-id=\"1483\" class=\"elementor elementor-1483\">\n\t\t\t\t<div class=\"elementor-element elementor-element-148e336 e-flex e-con-boxed e-con e-parent\" data-id=\"148e336\" data-element_type=\"container\" data-e-type=\"container\">\n\t\t\t\t\t<div class=\"e-con-inner\">\n\t\t\t\t<div class=\"elementor-element elementor-element-53e52b6 elementor-widget elementor-widget-n-accordion\" data-id=\"53e52b6\" data-element_type=\"widget\" data-e-type=\"widget\" data-settings=\"{&quot;default_state&quot;:&quot;expanded&quot;,&quot;max_items_expended&quot;:&quot;one&quot;,&quot;n_accordion_animation_duration&quot;:{&quot;unit&quot;:&quot;ms&quot;,&quot;size&quot;:400,&quot;sizes&quot;:[]}}\" data-widget_type=\"nested-accordion.default\">\n\t\t\t\t<div class=\"elementor-widget-container\">\n\t\t\t\t\t\t\t<div class=\"e-n-accordion\" aria-label=\"Accordion. Open links with Enter or Space, close with Escape, and navigate with Arrow Keys\">\n\t\t\t\t\t\t<details id=\"e-n-accordion-item-8790\" class=\"e-n-accordion-item\" open>\n\t\t\t\t<summary class=\"e-n-accordion-item-title\" data-accordion-index=\"1\" tabindex=\"0\" aria-expanded=\"true\" aria-controls=\"e-n-accordion-item-8790\" >\n\t\t\t\t\t<span class='e-n-accordion-item-title-header'><div class=\"e-n-accordion-item-title-text\"> 2023 <\/div><\/span>\n\t\t\t\t\t\t\t<span class='e-n-accordion-item-title-icon'>\n\t\t\t<span class='e-opened' ><svg aria-hidden=\"true\" class=\"e-font-icon-svg e-fas-minus\" viewBox=\"0 0 448 512\" xmlns=\"http:\/\/www.w3.org\/2000\/svg\"><path d=\"M416 208H32c-17.67 0-32 14.33-32 32v32c0 17.67 14.33 32 32 32h384c17.67 0 32-14.33 32-32v-32c0-17.67-14.33-32-32-32z\"><\/path><\/svg><\/span>\n\t\t\t<span class='e-closed'><svg aria-hidden=\"true\" class=\"e-font-icon-svg e-fas-plus\" viewBox=\"0 0 448 512\" xmlns=\"http:\/\/www.w3.org\/2000\/svg\"><path d=\"M416 208H272V64c0-17.67-14.33-32-32-32h-32c-17.67 0-32 14.33-32 32v144H32c-17.67 0-32 14.33-32 32v32c0 17.67 14.33 32 32 32h144v144c0 17.67 14.33 32 32 32h32c17.67 0 32-14.33 32-32V304h144c17.67 0 32-14.33 32-32v-32c0-17.67-14.33-32-32-32z\"><\/path><\/svg><\/span>\n\t\t<\/span>\n\n\t\t\t\t\t\t<\/summary>\n\t\t\t\t<div role=\"region\" aria-labelledby=\"e-n-accordion-item-8790\" class=\"elementor-element elementor-element-8746449 e-con-full e-flex e-con e-child\" data-id=\"8746449\" data-element_type=\"container\" data-e-type=\"container\">\n\t\t\t\t<div class=\"elementor-element elementor-element-346999d elementor-widget elementor-widget-text-editor\" data-id=\"346999d\" data-element_type=\"widget\" data-e-type=\"widget\" data-widget_type=\"text-editor.default\">\n\t\t\t\t<div class=\"elementor-widget-container\">\n\t\t\t\t\t\t\t\t\t<p>&#8230;\u00a0<\/p>\t\t\t\t\t\t\t\t<\/div>\n\t\t\t\t<\/div>\n\t\t\t\t<\/div>\n\t\t\t\t\t<\/details>\n\t\t\t\t\t\t<details id=\"e-n-accordion-item-8791\" class=\"e-n-accordion-item\" >\n\t\t\t\t<summary class=\"e-n-accordion-item-title\" data-accordion-index=\"2\" tabindex=\"-1\" aria-expanded=\"false\" aria-controls=\"e-n-accordion-item-8791\" >\n\t\t\t\t\t<span class='e-n-accordion-item-title-header'><div class=\"e-n-accordion-item-title-text\"> 2024 <\/div><\/span>\n\t\t\t\t\t\t\t<span class='e-n-accordion-item-title-icon'>\n\t\t\t<span class='e-opened' ><svg aria-hidden=\"true\" class=\"e-font-icon-svg e-fas-minus\" viewBox=\"0 0 448 512\" xmlns=\"http:\/\/www.w3.org\/2000\/svg\"><path d=\"M416 208H32c-17.67 0-32 14.33-32 32v32c0 17.67 14.33 32 32 32h384c17.67 0 32-14.33 32-32v-32c0-17.67-14.33-32-32-32z\"><\/path><\/svg><\/span>\n\t\t\t<span class='e-closed'><svg aria-hidden=\"true\" class=\"e-font-icon-svg e-fas-plus\" viewBox=\"0 0 448 512\" xmlns=\"http:\/\/www.w3.org\/2000\/svg\"><path d=\"M416 208H272V64c0-17.67-14.33-32-32-32h-32c-17.67 0-32 14.33-32 32v144H32c-17.67 0-32 14.33-32 32v32c0 17.67 14.33 32 32 32h144v144c0 17.67 14.33 32 32 32h32c17.67 0 32-14.33 32-32V304h144c17.67 0 32-14.33 32-32v-32c0-17.67-14.33-32-32-32z\"><\/path><\/svg><\/span>\n\t\t<\/span>\n\n\t\t\t\t\t\t<\/summary>\n\t\t\t\t<div role=\"region\" aria-labelledby=\"e-n-accordion-item-8791\" class=\"elementor-element elementor-element-7667d99 e-con-full e-flex e-con e-child\" data-id=\"7667d99\" data-element_type=\"container\" data-e-type=\"container\">\n\t\t\t\t<div class=\"elementor-element elementor-element-d62991f elementor-widget elementor-widget-text-editor\" data-id=\"d62991f\" data-element_type=\"widget\" data-e-type=\"widget\" data-widget_type=\"text-editor.default\">\n\t\t\t\t<div class=\"elementor-widget-container\">\n\t\t\t\t\t\t\t\t\t<ul><li><a href=\"https:\/\/hospitalsanroque.gob.ar\/index.php\/2024\/01\/05\/reasignacion-de-las-llaves-de-los-consultorios-externos-circular-interna-n1-2024\/\">Circular Interna N\u00b01-2024:Reasignaci\u00f3n de las llaves de los Consultorios Externos.<\/a><\/li><li><a href=\"https:\/\/hospitalsanroque.gob.ar\/index.php\/2024\/01\/09\/pedidos-de-trabajo-a-mantenimiento-circular-no2-2024\/\">Circular N\u00ba2-2024: <b>Pedidos de Trabajo a Mantenimiento<\/b>.<\/a><\/li><li><a href=\"https:\/\/hospitalsanroque.gob.ar\/index.php\/2024\/03\/07\/protocolo-de-diagnostico-de-dengue-en-el-hmisr-circular-interna-no-3-24\/\">Circular Interna N\u00ba 3\/24: <strong>Protocolo de diagn\u00f3stico de Dengue en el HMISR.<\/strong><\/a><\/li><li><a href=\"https:\/\/hospitalsanroque.gob.ar\/index.php\/2024\/04\/09\/como-tramitar-las-tc-mientras-el-tomografo-del-hospital-esta-fuera-de-servicio-circular-no-4-24\/\">Circular N\u00ba 4-24: C\u00f3mo tramitar las TC mientras el tom\u00f3grafo del hospital est\u00e1 fuera de servicio.<\/a><\/li><li><a href=\"https:\/\/hospitalsanroque.gob.ar\/index.php\/2024\/04\/29\/internacion-de-pacientes-irab-su-organizacion-circular-no5-2024\/\">Circular N\u00ba5-2024: Internaci\u00f3n de Pacientes IRAB, su organizaci\u00f3n.<\/a><\/li><li><a href=\"https:\/\/hospitalsanroque.gob.ar\/index.php\/2024\/05\/17\/medicos-asistentes-ya-no-deben-prestar-colaboracion-en-la-atencion-del-consultorio-externo-de-pediatria\/\">Circular N\u00ba6-2024: M\u00e9dicos Asistentes ya no deben prestar colaboraci\u00f3n en la atenci\u00f3n del CONSULTORIO EXTERNO de pediatr\u00eda.<\/a><\/li><li><a href=\"https:\/\/hospitalsanroque.gob.ar\/index.php\/2024\/05\/24\/notificacion-a-todos-los-agentes-de-la-division-de-servicios-generales-circular-no7-2024\/\">Circular N\u00ba7-2024: Notificaci\u00f3n a todos los agentes de la Divisi\u00f3n de Servicios Generales.<\/a><\/li><li><p><a href=\"https:\/\/hospitalsanroque.gob.ar\/index.php\/2024\/02\/01\/se-establece-limite-de-un-acompanante-por-paciente-circular-no8-2024\/\">Circular: N\u00ba8-2024: Se establece l\u00edmite de un acompa\u00f1ante por paciente.<\/a>\u00a0<\/p><\/li><li><a href=\"https:\/\/hospitalsanroque.gob.ar\/index.php\/2024\/04\/19\/funcionamiento-del-lactario-circular-interna-no9-2024\/\">Circular Interna N\u00ba9-2024: Funcionamiento del Lactario.\u00a0<\/a><\/li><li><a href=\"https:\/\/hospitalsanroque.gob.ar\/index.php\/2024\/06\/06\/reduccion-de-50-de-cirugias-programadas-circular-interna-no10-2024\/\">Circular Interna N\u00ba10-2024: Reducci\u00f3n de 50% de cirug\u00edas programadas.\u00a0<\/a><\/li><li><a href=\"https:\/\/hospitalsanroque.gob.ar\/index.php\/2024\/06\/14\/nuevo-sistema-de-pedidos-a-cocina-circular-no11-2024\/\">Circular Interna N\u00ba11: <strong>Nuevo Sistema de Pedidos a Cocina.<\/strong><\/a><\/li><li><a href=\"https:\/\/hospitalsanroque.gob.ar\/index.php\/2024\/06\/19\/recomendaciones-del-comite-de-control-de-infecciones-circular-no12-2024\/\">Circular N\u00ba12: Recomendaciones del Comit\u00e9 de Control de Infecciones.<\/a>\u00a0<\/li><li><a href=\"https:\/\/hospitalsanroque.gob.ar\/index.php\/2024\/06\/28\/plazo-de-presentacion-de-planilla-de-guardia-circular-interna-no13-24\/\">Circular N\u00ba13: Presentaci\u00f3n de Planilla de Guardia.<\/a><\/li><li><a href=\"https:\/\/hospitalsanroque.gob.ar\/index.php\/2024\/09\/03\/reduccion-de-50-de-cirugias-programadas-circular-interna-no14-2024\/\">Circular N\u00ba14: Pr\u00f3rroga de Suspensi\u00f3n del 50% de las Cirug\u00edas Programadas.<\/a><\/li><li><a href=\"https:\/\/hospitalsanroque.gob.ar\/index.php\/2024\/10\/25\/uso-correcto-de-imprevistos-francos-compensatorios-y-horas-circular-interna-no-15-24\/\">Circular N\u00ba15: Uso Correcto de Imprevistos, Francos Compensatorios y Horas.<\/a><\/li><li><a href=\"https:\/\/hospitalsanroque.gob.ar\/index.php\/2024\/11\/25\/implementacion-de-calendario-para-coordinacion-de-traslados-programados-de-baja-complejidad-circular-interna-no16-2024\/\">Circular N\u00ba16. Implementaci\u00f3n del Calendario para Coordinaci\u00f3n de Traslados Programados.<\/a><\/li><li><a href=\"https:\/\/hospitalsanroque.gob.ar\/index.php\/2024\/11\/25\/nuevo-sistema-de-pedidos-al-servicio-de-esterilizacion-no2-2026\/\">Circular N\u00ba17: Procedimiento para Reprogramar Atenci\u00f3n en Consultorios Externos.<\/a><\/li><\/ul>\t\t\t\t\t\t\t\t<\/div>\n\t\t\t\t<\/div>\n\t\t\t\t<\/div>\n\t\t\t\t\t<\/details>\n\t\t\t\t\t\t<details id=\"e-n-accordion-item-8792\" class=\"e-n-accordion-item\" >\n\t\t\t\t<summary class=\"e-n-accordion-item-title\" data-accordion-index=\"3\" tabindex=\"-1\" aria-expanded=\"false\" aria-controls=\"e-n-accordion-item-8792\" >\n\t\t\t\t\t<span class='e-n-accordion-item-title-header'><div class=\"e-n-accordion-item-title-text\"> 2025 <\/div><\/span>\n\t\t\t\t\t\t\t<span class='e-n-accordion-item-title-icon'>\n\t\t\t<span class='e-opened' ><svg aria-hidden=\"true\" class=\"e-font-icon-svg e-fas-minus\" viewBox=\"0 0 448 512\" xmlns=\"http:\/\/www.w3.org\/2000\/svg\"><path d=\"M416 208H32c-17.67 0-32 14.33-32 32v32c0 17.67 14.33 32 32 32h384c17.67 0 32-14.33 32-32v-32c0-17.67-14.33-32-32-32z\"><\/path><\/svg><\/span>\n\t\t\t<span class='e-closed'><svg aria-hidden=\"true\" class=\"e-font-icon-svg e-fas-plus\" viewBox=\"0 0 448 512\" xmlns=\"http:\/\/www.w3.org\/2000\/svg\"><path d=\"M416 208H272V64c0-17.67-14.33-32-32-32h-32c-17.67 0-32 14.33-32 32v144H32c-17.67 0-32 14.33-32 32v32c0 17.67 14.33 32 32 32h144v144c0 17.67 14.33 32 32 32h32c17.67 0 32-14.33 32-32V304h144c17.67 0 32-14.33 32-32v-32c0-17.67-14.33-32-32-32z\"><\/path><\/svg><\/span>\n\t\t<\/span>\n\n\t\t\t\t\t\t<\/summary>\n\t\t\t\t<div role=\"region\" aria-labelledby=\"e-n-accordion-item-8792\" class=\"elementor-element elementor-element-950068d e-con-full e-flex e-con e-child\" data-id=\"950068d\" data-element_type=\"container\" data-e-type=\"container\">\n\t\t\t\t<div class=\"elementor-element elementor-element-6ea21e8 elementor-widget elementor-widget-text-editor\" data-id=\"6ea21e8\" data-element_type=\"widget\" data-e-type=\"widget\" data-widget_type=\"text-editor.default\">\n\t\t\t\t<div class=\"elementor-widget-container\">\n\t\t\t\t\t\t\t\t\t<ul><li><a href=\"https:\/\/hospitalsanroque.gob.ar\/index.php\/2026\/02\/18\/alto-costo-circular-1-25\/\">Circular 1-25: Tratamientos de Alto Costo: c\u00f3mo se tramitan.<\/a><\/li><li><a href=\"https:\/\/hospitalsanroque.gob.ar\/index.php\/2026\/02\/19\/circular-interna-2-25\/\">Circular 2-25: Prellenado de documentaci\u00f3n para arancelamiento.<\/a><\/li><li><a href=\"https:\/\/hospitalsanroque.gob.ar\/index.php\/2026\/02\/20\/reactivacion-del-100-de-la-capacidad-quirurgica-programada-circular-interna-no-3-25\/\">Circular 3-25: Reactivaci\u00f3n\u00a0 al 100% de las Cx Programadas\u00a0<\/a><\/li><li><a href=\"https:\/\/hospitalsanroque.gob.ar\/index.php\/2026\/02\/20\/brote-de-epc-en-ucin-medidas-de-control-circular-interna-no4-25\/\">Circular 4-25: Brote EPC y su control.<\/a><\/li><li><a href=\"https:\/\/hospitalsanroque.gob.ar\/index.php\/2026\/02\/20\/recomendaciones-del-comite-de-control-de-infecciones-para-la-campana-de-invierno-2025-circular-interna-no5-25\/\">Circular 5-25: <span style=\"font-weight: 400;\">Recomendaciones del Comit\u00e9 de Control de Infecciones para la Campa\u00f1a de Invierno 2025.<\/span><\/a><\/li><li><a href=\"https:\/\/hospitalsanroque.gob.ar\/index.php\/2026\/02\/20\/algoritmo-de-atencion-de-pacientes-pediatricos-con-exantema-febril-circular-no6-2025\/\">Circular 6-25: Protocolo de atenci\u00f3n de pacientes con exantema febril.<\/a><\/li><li><a href=\"https:\/\/hospitalsanroque.gob.ar\/index.php\/2026\/02\/20\/correcta-facturacion-de-las-practicas-ambulatorias-a-la-oser-circular-no-7-2025\/\">Circular 7-25: Facturaci\u00f3n a OSER.<\/a><\/li><li><a href=\"https:\/\/hospitalsanroque.gob.ar\/index.php\/2026\/02\/20\/avisar-cambios-en-protocolos-de-uso-de-insumos-circular-no8-25\/\">Circular 8-25: Comunicar\u00a0 a Farmacia los cambios en los protocolos de uso de insumos.<\/a><\/li><li><a href=\"https:\/\/hospitalsanroque.gob.ar\/index.php\/2026\/02\/20\/cancelacion-y-reprogramacion-de-consultorio-como-proceder-circular-no9-25\/\">Circular 9-25: <span style=\"font-weight: 400;\">Procedimiento ante cancelaci\u00f3n y reprogramaci\u00f3n de consultorio.<\/span><\/a><\/li><li><a href=\"https:\/\/hospitalsanroque.gob.ar\/index.php\/2026\/02\/20\/cierre-de-pedidos-de-bienes-de-capital-2025-circular-no10-2025\/\">Circular 10-25: Cierre de Pedidos de Bienes de Capital 2025.<\/a><\/li><li><a href=\"https:\/\/hospitalsanroque.gob.ar\/index.php\/2026\/02\/20\/referente-medico-para-la-prescripcion-de-profilaxis-post-exposicion-ppe-circular-no11-25\/\">Circular 11-25: Referente M\u00e9dico para la prescripci\u00f3n de Profilaxis Post Exposici\u00f3n.<\/a><\/li><li><a href=\"https:\/\/hospitalsanroque.gob.ar\/index.php\/2026\/02\/20\/nuevo-sistema-de-pedidos-al-centro-de-copiado-circular-12-25\/\">Circular 12-25: Nuevo Sistema de Pedidos al Centro de Copiado.<\/a><\/li><\/ul>\t\t\t\t\t\t\t\t<\/div>\n\t\t\t\t<\/div>\n\t\t\t\t<\/div>\n\t\t\t\t\t<\/details>\n\t\t\t\t\t\t<details id=\"e-n-accordion-item-8793\" class=\"e-n-accordion-item\" >\n\t\t\t\t<summary class=\"e-n-accordion-item-title\" data-accordion-index=\"4\" tabindex=\"-1\" aria-expanded=\"false\" aria-controls=\"e-n-accordion-item-8793\" >\n\t\t\t\t\t<span class='e-n-accordion-item-title-header'><div class=\"e-n-accordion-item-title-text\"> 2026 <\/div><\/span>\n\t\t\t\t\t\t\t<span class='e-n-accordion-item-title-icon'>\n\t\t\t<span class='e-opened' ><svg aria-hidden=\"true\" class=\"e-font-icon-svg e-fas-minus\" viewBox=\"0 0 448 512\" xmlns=\"http:\/\/www.w3.org\/2000\/svg\"><path d=\"M416 208H32c-17.67 0-32 14.33-32 32v32c0 17.67 14.33 32 32 32h384c17.67 0 32-14.33 32-32v-32c0-17.67-14.33-32-32-32z\"><\/path><\/svg><\/span>\n\t\t\t<span class='e-closed'><svg aria-hidden=\"true\" class=\"e-font-icon-svg e-fas-plus\" viewBox=\"0 0 448 512\" xmlns=\"http:\/\/www.w3.org\/2000\/svg\"><path d=\"M416 208H272V64c0-17.67-14.33-32-32-32h-32c-17.67 0-32 14.33-32 32v144H32c-17.67 0-32 14.33-32 32v32c0 17.67 14.33 32 32 32h144v144c0 17.67 14.33 32 32 32h32c17.67 0 32-14.33 32-32V304h144c17.67 0 32-14.33 32-32v-32c0-17.67-14.33-32-32-32z\"><\/path><\/svg><\/span>\n\t\t<\/span>\n\n\t\t\t\t\t\t<\/summary>\n\t\t\t\t<div role=\"region\" aria-labelledby=\"e-n-accordion-item-8793\" class=\"elementor-element elementor-element-68c5a35 e-con-full e-flex e-con e-child\" data-id=\"68c5a35\" data-element_type=\"container\" data-e-type=\"container\">\n\t\t\t\t<div class=\"elementor-element elementor-element-255158e elementor-widget elementor-widget-text-editor\" data-id=\"255158e\" data-element_type=\"widget\" data-e-type=\"widget\" data-widget_type=\"text-editor.default\">\n\t\t\t\t<div class=\"elementor-widget-container\">\n\t\t\t\t\t\t\t\t\t<ul><li><a href=\"https:\/\/hospitalsanroque.gob.ar\/index.php\/2026\/02\/20\/notas-anexas-de-pre-adjudicacion-insumos-biomedicos-circular-no1-2026\/\">Circular 1-26: <span style=\"font-weight: 400;\">Notas anexas de pre-adjudicaci\u00f3n insumos biom\u00e9dicos.<\/span><\/a><\/li><li><a href=\"https:\/\/hospitalsanroque.gob.ar\/index.php\/2026\/01\/09\/circular-no2-2026-pedidos-a-esterilizacion-nuevo-sistema\/\">Circular 2-26: <span style=\"font-weight: 400;\">Nuevo Sistema de Pedidos al Servicio de Esterilizaci\u00f3n.<\/span><\/a><\/li><li><a href=\"https:\/\/hospitalsanroque.gob.ar\/index.php\/2026\/03\/05\/reprogramacion-de-cirugias-por-contingencia-edilicia-obra-sala-12526-y-27-de-marzo-circular-interna-no3-2026\/\">Circular 3-26: Reprogramaci\u00f3n de Cx por obras en Sala 1.<\/a><\/li><li><a href=\"https:\/\/hospitalsanroque.gob.ar\/index.php\/2026\/03\/10\/remision-obligatoria-de-facturas-y-remitos-circular-no4-2026\/\">Circular 4-2026: Remisi\u00f3n Obligatoria de Facturas y Remitos.<\/a><\/li><\/ul>\t\t\t\t\t\t\t\t<\/div>\n\t\t\t\t<\/div>\n\t\t\t\t<\/div>\n\t\t\t\t\t<\/details>\n\t\t\t\t\t<\/div>\n\t\t\t\t\t\t<\/div>\n\t\t\t\t<\/div>\n\t\t\t\t\t<\/div>\n\t\t\t\t<\/div>\n\t\t\t\t<\/div>\n\t\t","protected":false},"excerpt":{"rendered":"<p>2023 &#8230;\u00a0 2024 Circular Interna N\u00b01-2024:Reasignaci\u00f3n de las llaves de los Consultorios Externos. Circular N\u00ba2-2024: Pedidos de Trabajo a Mantenimiento. [&hellip;]<\/p>\n","protected":false},"author":4,"featured_media":0,"parent":1476,"menu_order":0,"comment_status":"closed","ping_status":"closed","template":"","meta":{"site-sidebar-layout":"no-sidebar","site-content-layout":"","ast-site-content-layout":"full-width-container","site-content-style":"default","site-sidebar-style":"default","ast-global-header-display":"","ast-banner-title-visibility":"","ast-main-header-display":"","ast-hfb-above-header-display":"","ast-hfb-below-header-display":"","ast-hfb-mobile-header-display":"","site-post-title":"","ast-breadcrumbs-content":"","ast-featured-img":"disabled","footer-sml-layout":"","ast-disable-related-posts":"","theme-transparent-header-meta":"","adv-header-id-meta":"","stick-header-meta":"","header-above-stick-meta":"","header-main-stick-meta":"","header-below-stick-meta":"","astra-migrate-meta-layouts":"default","ast-page-background-enabled":"default","ast-page-background-meta":{"desktop":{"background-color":"var(--ast-global-color-5)","background-image":"","background-repeat":"repeat","background-position":"center center","background-size":"auto","background-attachment":"scroll","background-type":"","background-media":"","overlay-type":"","overlay-color":"","overlay-opacity":"","overlay-gradient":""},"tablet":{"background-color":"","background-image":"","background-repeat":"repeat","background-position":"center center","background-size":"auto","background-attachment":"scroll","background-type":"","background-media":"","overlay-type":"","overlay-color":"","overlay-opacity":"","overlay-gradient":""},"mobile":{"background-color":"","background-image":"","background-repeat":"repeat","background-position":"center center","background-size":"auto","background-attachment":"scroll","background-type":"","background-media":"","overlay-type":"","overlay-color":"","overlay-opacity":"","overlay-gradient":""}},"ast-content-background-meta":{"desktop":{"background-color":"var(--ast-global-color-4)","background-image":"","background-repeat":"repeat","background-position":"center center","background-size":"auto","background-attachment":"scroll","background-type":"","background-media":"","overlay-type":"","overlay-color":"","overlay-opacity":"","overlay-gradient":""},"tablet":{"background-color":"var(--ast-global-color-4)","background-image":"","background-repeat":"repeat","background-position":"center center","background-size":"auto","background-attachment":"scroll","background-type":"","background-media":"","overlay-type":"","overlay-color":"","overlay-opacity":"","overlay-gradient":""},"mobile":{"background-color":"var(--ast-global-color-4)","background-image":"","background-repeat":"repeat","background-position":"center center","background-size":"auto","background-attachment":"scroll","background-type":"","background-media":"","overlay-type":"","overlay-color":"","overlay-opacity":"","overlay-gradient":""}},"footnotes":""},"class_list":["post-1483","page","type-page","status-publish","hentry"],"_links":{"self":[{"href":"https:\/\/hospitalsanroque.gob.ar\/index.php\/wp-json\/wp\/v2\/pages\/1483","targetHints":{"allow":["GET"]}}],"collection":[{"href":"https:\/\/hospitalsanroque.gob.ar\/index.php\/wp-json\/wp\/v2\/pages"}],"about":[{"href":"https:\/\/hospitalsanroque.gob.ar\/index.php\/wp-json\/wp\/v2\/types\/page"}],"author":[{"embeddable":true,"href":"https:\/\/hospitalsanroque.gob.ar\/index.php\/wp-json\/wp\/v2\/users\/4"}],"replies":[{"embeddable":true,"href":"https:\/\/hospitalsanroque.gob.ar\/index.php\/wp-json\/wp\/v2\/comments?post=1483"}],"version-history":[{"count":47,"href":"https:\/\/hospitalsanroque.gob.ar\/index.php\/wp-json\/wp\/v2\/pages\/1483\/revisions"}],"predecessor-version":[{"id":1785,"href":"https:\/\/hospitalsanroque.gob.ar\/index.php\/wp-json\/wp\/v2\/pages\/1483\/revisions\/1785"}],"up":[{"embeddable":true,"href":"https:\/\/hospitalsanroque.gob.ar\/index.php\/wp-json\/wp\/v2\/pages\/1476"}],"wp:attachment":[{"href":"https:\/\/hospitalsanroque.gob.ar\/index.php\/wp-json\/wp\/v2\/media?parent=1483"}],"curies":[{"name":"wp","href":"https:\/\/api.w.org\/{rel}","templated":true}]}}